is divided by ((-2)/(-8))/(1/4).
0
Let h = -28 - -36. Calculate the remainder when 10 is divided by h.
2
Let l = -14 + 26. What is the remainder when 34 is divided by l?
10
Suppose 3*y - 6 + 3 = 0. Suppose 2*d + 2*p - 10 = 0, -y + 23 = 4*d + 5*p. What is the remainder when 3 is divided by d?
0
Let f(a) = -4*a - 4. Suppose -3*b = 2*m - 22 - 45, -5*b = -5*m - 120. Calculate the remainder when b is divided by f(-4).
11
Suppose 2*m = 11 + 7. What is the remainder when 24 is divided by m?
6
Let h = 2 + 3. Suppose -9 = -2*c + 5*i, -4*c = 2*i - h*i + 3. What is the remainder when 19 is divided by c/((-4)/((-120)/(-9)))?
9
Let l be -34*(-1)/4*2. Suppose 3 + l = 5*n. Suppose 2*d - n = 4*i - 2, 31 = d + 4*i. What is the remainder when d is divided by 7?
4
Suppose -2*a - 12 + 82 = 4*p, -5*p = a - 83. What is the remainder when 30 is divided by p?
14
Let t = -17 + 26. What is the remainder when 35 is divided by t?
8
Suppose -22 = -0*r - 2*r. Let h(v) = -4*v + 7. Let w = -11 - -5. What is the remainder when h(w) is divided by r?
9
Let w be 40*(-2 + (-16)/(-10)). Calculate the remainder when (68/10)/(4/20) is divided by 3 - (0 - -1) - w.
16
Let d = 35 + -19. Let q(b) = b**2 + 5*b - 8. Let g be q(-6). What is the remainder when 94/1*g/(-4) is divided by d?
15
Suppose m + 4*m - 2*a = 279, 4*a = -5*m + 297. Calculate the remainder when 282 is divided by m.
54
Let c be (1 + -3 - -1) + -1. What is the remainder when (-185)/c + (-1)/(-2) is divided by 32?
29
Suppose f + 10 = 3*f. Suppose -5*g = -3*k + 65, f + 9 = 2*k + 4*g. Calculate the remainder when 58 is divided by k.
13
Suppose -44 = -2*g - j + 3*j, 0 = 5*j - 25. Calculate the remainder when 32 is divided by g.
5
Let t(p) = -p + 10. Let l be t(-14). Let w = -10 + l. Calculate the remainder when (1 - 0)/(2/52) is divided by w.
12
Suppose 2 = w + 12. Let a = w - -20. Calculate the remainder when 18 is divided by a.
8
Suppose -t - 3*l + 28 = 0, -2 = -4*t - 3*l + 155. Let m = 10 + -9. Calculate the remainder when t is divided by (-2 - (1 - m)) + 17.
13
Suppose -3*j - 1 = -5*n - 0*n, 2 = n. Calculate the remainder when j is divided by 5*(-7)/((-140)/12).
0
Suppose 6*a = a + 140. Suppose -116 = -2*p + 76. Suppose p = 4*o + 36. Calculate the remainder when a is divided by o.
13
Let g(x) = -3*x**3 - 2*x**2 - 2*x - 1. Let n be g(-1). Suppose z - 6 = -n*z, 2*a = z + 22. Suppose 5*s - 85 = 25. What is the remainder when s is divided by a?
10
Let i be 1/5 + (-26)/5. Let q(j) = -j - 1. What is the remainder when 14 is divided by q(i)?
2
Suppose 5*r = 3*c - 118, -c + 44 = -6*r + 2*r. What is the remainder when 136 is divided by c?
28
Let c = -88 - -118. Calculate the remainder when 84 is divided by c.
24
Let n = 16 - 49. Let f = 2 - n. Calculate the remainder when f is divided by 18.
17
Let h(o) = 6*o**3 - 2*o**2 + 2*o + 2. Let f be h(3). Let p = -103 + f. Calculate the remainder when p is divided by 34*(2/(-4) + 1).
15
Suppose 4*s = -s + 40. Let n = s - 5. Calculate the remainder when n is divided by 3.
0
Let g = 9 + -6. Suppose -g*x = -7*x + 44. Calculate the remainder when x is divided by 6.
5
Let y = 41 - 20. Calculate the remainder when y is divided by (-46)/(-4) + 5/(-10).
10
Suppose -n = -3*i + 31, 2*i = -0*i - 2*n + 10. Let g be 8/6*i + -3. Suppose -2*d = 1 - g. Calculate the remainder when 7 is divided by d.
3
Let c(a) = -a**2 - 5*a + 2. Let z = -7 + 12. Calculate the remainder when c(-3) is divided by z.
3
Let y(a) be the third derivative of a**6/120 - a**5/6 + 3*a**4/8 + 2*a**3 + 7*a**2. Calculate the remainder when y(10) is divided by 26.
24
Let o(w) = 6*w**2 - 1. Suppose -16*r - 22 = -134. Calculate the remainder when r is divided by o(1).
2
Let z be (-1 - 1) + 74 + -3. Let y = -41 + z. Suppose 2*f = 4*f - 5*j - y, 3*f = 4*j + 28. What is the remainder when f is divided by 2?
0
Calculate the remainder when (-1 - (-1)/5)/(10/(-375)) is divided by 16.
14
Suppose -k + 16 = k. Let d(s) = s**2 - 5*s + 5. Calculate the remainder when d(k) is divided by 45/(-6)*-1*2.
14
Calculate the remainder when 117 is divided by (-358)/(-12) + (-2)/(-12).
27
Let g be (-6)/(-27) + (-2)/9. Suppose g*u = 3*u - 72. Calculate the remainder when u is divided by 13.
11
Let n = 38 + -6. What is the remainder when 94 is divided by n?
30
Suppose 0 = h - 5*z - 30, -3*h + 3*z + 35 = -67. What is the remainder when h is divided by 9?
8
What is the remainder when (-1)/(-1)*(-338)/13*-2 is divided by 11?
8
Let i(x) = -5*x - 41. Calculate the remainder when i(-16) is divided by 11.
6
Suppose 37 + 35 = 3*v. What is the remainder when v is divided by 9?
6
Suppose 6*p = 3*p + 333. Calculate the remainder when p is divided by 28.
27
Let v = 56 - 78. Let n = 34 + v. Calculate the remainder when 46 is divided by n.
10
Let v = 5 + -13. Calculate the remainder when (-1)/(-2) + (-420)/v is divided by 27.
26
Let y(n) = -n**3 - 3*n**2 - 3*n - 3. Calculate the remainder when y(-4) is divided by 15.
10
Suppose 3*r + 101 + 138 = 2*y, -351 = -3*y - 3*r. Calculate the remainder when y is divided by 30.
28
Let w(j) = -6*j - 1. Calculate the remainder when w(-2) is divided by (-8)/(-60) + (-264)/(-45).
5
Let f be 11/2 + (-2)/(-4). What is the remainder when 34 is divided by 1/6 + 53/f?
7
Let c be (14/(-21))/((-2)/6). Suppose 0 = -6*j + c*j + 20. What is the remainder when 8 is divided by j?
3
Let a(j) = -35*j - 22. Calculate the remainder when a(-9) is divided by 59.
57
Suppose 691 = 15*k - 809. What is the remainder when k is divided by 17?
15
Suppose 0 = 2*l + 6, 5*o - 2*l = -l + 8. Calculate the remainder when 2 is divided by (4 - o) + (0 - 1).
0
Let w(j) = j**3 + 2*j**2 - 8*j + 10. Calculate the remainder when w(4) is divided by 19.
17
Suppose 4*b = -3*h + 2*h + 62, 0 = 3*b + 5*h - 38. What is the remainder when 45 is divided by b?
13
Let n(o) = 7*o**2 - 81*o - 4. Calculate the remainder when n(12) is divided by 1 + -2 + 17 + 1.
15
Let s(d) = 3*d + 1. What is the remainder when 46 is divided by s(5)?
14
Let w = 32 + 29. What is the remainder when w is divided by 9?
7
Suppose -3*f + 22 = -2. Suppose f*i - 110 = 3*i. Let b = 14 + -6. Calculate the remainder when i is divided by b.
6
Let f(y) = y**2 + 37*y + 75. Let v be 24*(0 + 1/1). Suppose -2*u + 0*u + v = 0. What is the remainder when u is divided by f(-35)?
2
Let r = -87 - -99. Calculate the remainder when r is divided by 4.
0
Let i(h) = -3*h - 2*h + 2 - h**2 + 0*h. Let r = -20 + 31. Calculate the remainder when r is divided by i(-4).
5
Let c = -4 - -8. Suppose 3*q - 17 = 2*n - 3*n, -c*q = -5*n - 10. What is the remainder when 12 is divided by q?
2
Let y(a) = -a + 1. What is the remainder when 5 is divided by y(-2)?
2
Let l = 237 - 128. Let o = l + -74. Calculate the remainder when o is divided by 9.
8
Suppose -3*z + 35 + 53 = 2*g, -120 = -5*z + 2*g. Let f = 0 - -2. Calculate the remainder when z is divided by -1 + 9 - (1 - f).
8
What is the remainder when 3*-1*(3 - 10) is divided by 6?
3
Suppose -349 = -5*y + 86. Let m(k) = -k**2 - 18*k - 2. What is the remainder when y is divided by m(-16)?
27
Let z(t) = t**2 + 6*t + 4. Let x be z(-6). Suppose -4*h + 30 = -0*h + 2*m, h + 15 = x*m. What is the remainder when 7 is divided by h?
2
Let f(w) = -80*w**3 + w**2. Let u be f(-1). Suppose 0 = -4*i + 3*c + u, 2*c + 11 + 71 = 4*i. Calculate the remainder when 61 is divided by i.
19
Let k(p) = p + 7. Let d be k(-5). Suppose d*h - 3 = h. What is the remainder when 4 is divided by h*((-16)/(-6) - 2)?
0
Let r(m) = 2*m**2 + 6*m + 1. Let i = 29 - 21. Let p = i - 3. What is the remainder when r(-4) is divided by p?
4
Let p(o) = o**2 + 8*o + 24. Calculate the remainder when 33 is divided by p(-7).
16
Let x be 24/9 + (-4)/6. Let b be x/6 + 520/24. Let t = b - 4. What is the remainder when 34 is divided by t?
16
Suppose -536 = -5*j - 221. Calculate the remainder when j is divided by 16.
15
Suppose -3*b - l + 2 = 0, -5*l = -36 + 11. What is the remainder when (b - -24)*(-2 + 3) is divided by 9/6*16/3?
7
Let k = -9 + 3. Let s = k + 17. What is the remainder when s is divided by 3?
2
Let l(b) = 8*b. Suppose -k - k = -8. Suppose -i = -5 + k. Calculate the remainder when 23 is divided by l(i).
7
Suppose -l + 5*c = 18, 3*c = 4*l + 3 + 1. What is the remainder when l is divided by 1?
0
Suppose -30*s + 33*s - 87 = 0. What is the